{"id":362,"date":"2018-09-10T07:16:37","date_gmt":"2018-09-10T05:16:37","guid":{"rendered":"http:\/\/werkzeug-klinik.de\/wordpress\/?page_id=362"},"modified":"2018-09-10T07:20:10","modified_gmt":"2018-09-10T05:20:10","slug":"datenschutzerklaerung-2","status":"publish","type":"page","link":"https:\/\/werkzeug-klinik.de\/wordpress\/datenschutzerklaerung-2\/","title":{"rendered":"Datenschutzerkl\u00e4rung"},"content":{"rendered":"<p>Wir freuen uns \u00fcber Ihren Besuch auf unserer Internetseite<a href=\"https:\/\/werkzeug-klinik.de\"> werkzeug-klinik.de<\/a> und Ihr Interesse an unserem Unternehmen. Der Schutz Ihrer personenbezogenen Daten ist uns ein wichtiges Anliegen. Personenbezogene Daten sind Informationen \u00fcber pers\u00f6nliche oder sachliche Verh\u00e4ltnisse einer bestimmten oder bestimmbaren nat\u00fcrlichen Person. Darunter fallen z.B. der b\u00fcrgerliche Name, die Anschrift, die Telefonnummer und das Geburtsdatum, aber auch alle anderen Daten, die auf eine bestimmbare Person bezogen werden k\u00f6nnen.<br \/>\nDa personenbezogene Daten besonderen gesetzlichen Schutz genie\u00dfen, werden sie bei uns nur im soweit dies f\u00fcr die Bereitstellung unserer Internetseite und die Erbringung unserer Leistung erforderlich ist erhoben. Nachfolgend stellen wir dar, welche personenbezogenen Informationen wir w\u00e4hrend Ihres Besuches auf unserer Internetseite erfassen und wie wir diese nutzen.<br \/>\nUnsere Datenschutzpraxis steht im Einklang mit den gesetzlichen Regelungen, insbesondere denen des Bundesdatenschutzgesetzes (BDSG), des Telemediengesetzes (TMG) und der Datenschutzgrundverordnung der EU (DSGVO). Wir werden Ihre personenbezogenen Daten ausschlie\u00dflich erheben, verarbeiten und speichern, soweit dies zur funktionsf\u00e4higen Bereitstellung dieser Internetseite und unserer Inhalte und Leistungen erforderlich ist, sowie zur Bearbeitung von Anfragen und ggf. zur Abwicklung von Bestellungen \/ Vertr\u00e4gen, dies jeweils aber nur, soweit hierf\u00fcr ein berechtigtes Interesse i.S.d. Art. 6 Abs. 1 S.1 lit. f DSGVO oder ein sonstiger Erlaubnistatbestand besteht. Nur wenn Sie zuvor Ihre Einwilligung gesondert erteilt haben, erfolgt eine Nutzung Ihrer Daten auch f\u00fcr weitergehende, in der Einwilligung genau bestimmte Zwecke, z.B. f\u00fcr die \u00dcbersendung von werblichen Informationen per Newsletter.<br \/>\n1. Verantwortlicher i.S.d. Art. 4 Abs. 7 DSGVO<\/p>\n<p>Verantwortlicher im Sinne der DSGVO und anderer nationaler Datenschutzgesetze der Mitgliedsstaaten sowie sonstiger datenschutzrechtlicher Bestimmungen ist:<\/p>\n<p>G\u00fcnther Herz<br \/>\nNeugartenweg 14<br \/>\n66459 Kirkel<\/p>\n<p>E-Mail: herz.guenther@gmx.de<br \/>\nTelefon: +49 (0) 6849 \u2013 6099 282<br \/>\nTelefax: +49 (0) 6849 \u2013 6099 283<\/p>\n<p>2. Bereitstellung der Website und Erstellung von Logfiles<\/p>\n<p>Bei jedem Aufruf unserer Internetseite erfasst unser System automatisiert Daten und Informationen des Computersystems des aufrufenden Rechners. Folgende Daten werden hierbei erhoben:<br \/>\nUmfang der Verarbeitung der Daten<\/p>\n<p>(1) Informationen \u00fcber den Browsertyp und die verwendete Version<br \/>\n(2) Das Betriebssystem des Abrufger\u00e4tes<br \/>\n(3) Die IP-Adresse des Abrufger\u00e4tes<br \/>\n(4) Datum und Uhrzeit des Zugriffs<br \/>\n(5) Websites und Ressourcen (Bilder, Dateien, weitere Seiteninhalte), die auf unserer Internetseite aufgerufen wurden.<br \/>\n(6) Websites, von denen das System des Nutzers auf unsere Internetseite gelangte (Referrer-Tracking)<\/p>\n<p>Diese Daten werden in den Logfiles unseres Systems gespeichert. Eine Speicherung dieser Daten zusammen mit personenbezogenen Daten eines konkreten Nutzers findet nicht statt, so dass eine Identifizierung einzelner Seitenbesucher nicht erfolgt.<\/p>\n<p>Rechtsgrundlage f\u00fcr die Verarbeitung personenbezogener Daten<\/p>\n<p>Art. 6 Abs.1 lit.f DSGVO (berechtigtes Interesse). Unser berechtigtes Interesse besteht darin, die Erreichung des nachfolgend geschilderten Zwecks zu gew\u00e4hrleisten.<br \/>\nZweck der Datenverarbeitung<\/p>\n<p>Das Logging erfolgt zur Erhaltung der Kompatibilit\u00e4t unsere Internetseite f\u00fcr m\u00f6glichst alle Besucher und zur Missbrauchsbek\u00e4mpfung und St\u00f6rungsbeseitigung. Hierf\u00fcr ist es notwendig, die technischen Daten des abrufenden Rechners zu loggen, um so fr\u00fchestm\u00f6glich auf Darstellungsfehler, Angriffe auf unsere IT-Systeme und\/oder Fehler der Funktionalit\u00e4t unserer Internetseite reagieren zu k\u00f6nnen. Zudem dienen uns die Daten zur Optimierung der Website und zur generellen Sicherstellung der Sicherheit unserer informationstechnischen Systeme.<br \/>\nDauer der Speicherung<\/p>\n<p>Die L\u00f6schung der vorgenannten technischen Daten erfolgt, sobald sie nicht mehr ben\u00f6tigt werden, um die Kompatibilit\u00e4t der Internetseite f\u00fcr alle Besucher zu gew\u00e4hrleisten, sp\u00e4testens aber 3 Monate nach Abruf unserer Internetseite.<br \/>\nWiderspruchs- und Beseitigungsm\u00f6glichkeit<\/p>\n<p>Die Widerspruchs- und Beseitigungsm\u00f6glichkeiten richten sich nach den nachfolgend in dieser Datenschutzerkl\u00e4rung geschilderten generellen Regelungen zum datenschutzrechtlichen Widerspruchsrecht und L\u00f6schungsanspruch.<\/p>\n<p>3. Besondere Funktionen der Internetseite<\/p>\n<p>Unsere Seite bietet Ihnen verschiedene Funktionen, bei deren Nutzung von uns personenbezogene Daten erhoben, verarbeitet und gespeichert werden. Nachfolgend erkl\u00e4ren wir, was mit diesen Daten geschieht:<br \/>\n4. Einbindung externer Webservices und Verarbeitung von Daten au\u00dferhalb der EU<\/p>\n<p>Auf unserer Internetseite verwenden wir aktive Java-Script-Inhalte von externen Anbietern, sog. Webservices. Durch Aufruf unserer Internetseite erhalten diese externen Anbieter ggf. personenbezogene Informationen \u00fcber Ihren Besuch auf unserer Internetseite. Hierbei ist ggf. eine Verarbeitung von Daten au\u00dferhalb der EU m\u00f6glich. Sie k\u00f6nnen dies verhindern, indem Sie einen Java-Script-Blocker wie z.B. das Browser-Plug-In \u201aNoScript\u2018 installieren (www.noscript.net ) oder Java-Script in Ihrem Browser deaktivieren. Hierdurch kann es zu Funktionseinschr\u00e4nkungen auf Internetseiten kommen, die Sie besuchen.<br \/>\nWir verwenden folgende externe Webservices:<\/p>\n<p>Google<\/p>\n<p>Auf unserer Webseite wird ein Webservice des Unternehmens Google LLC, 1600 Amphitheatre Parkway, 94043 Mountain View (nachfolgend: Google) nachgeladen. Wir nutzen diese Daten, um die volle Funktionalit\u00e4t unserer Webseite zu gew\u00e4hrleisten. In diesem Zusammenhang wird Ihr Browser ggf. personenbezogene Daten an Google \u00fcbermitteln. Rechtsgrundlage f\u00fcr die Datenverarbeitung ist Art. 6 Abs.1 lit. f DSGVO. Das berechtigte Interesse besteht in einer fehlerfreien Funktion der Internetseite. Google hat sich im Rahmen des EU-US-Privacy-Shield-Abkommens selbst zertifiziert (vgl. https:\/\/www.privacyshield.gov\/list ). Die L\u00f6schung der Daten erfolgt, sobald der Zweck ihrer Erhebung erf\u00fcllt wurde. Weitere Informationen zum Handling der \u00fcbertragenen Daten finden Sie in der Datenschutzerkl\u00e4rung von Google: https:\/\/www.google.com\/intl\/de\/policies\/privacy\/ . Sie k\u00f6nnen die Erfassung sowie die Verarbeitung Ihrer Daten durch Google verhindern, indem Sie die Ausf\u00fchrung von Script-Code in Ihrem Browser deaktivieren oder einen Script-Blocker in Ihrem Browser installieren (diesen finden Sie z.B. unter www.noscript.net oder www.ghostery.com ).<br \/>\nGoogle-Apis<\/p>\n<p>Auf unserer Webseite wird ein Webservice des Unternehmens Google LLC, 1600 Amphitheatre Parkway, 94043 Mountain View (nachfolgend: Google-Apis) nachgeladen. Wir nutzen diese Daten, um die volle Funktionalit\u00e4t unserer Webseite zu gew\u00e4hrleisten. In diesem Zusammenhang wird Ihr Browser ggf. personenbezogene Daten an Google-Apis \u00fcbermitteln. Rechtsgrundlage f\u00fcr die Datenverarbeitung ist Art. 6 Abs.1 lit. f DSGVO. Das berechtigte Interesse besteht in einer fehlerfreien Funktion der Internetseite. Google-Apis hat sich im Rahmen des EU-US-Privacy-Shield-Abkommens selbst zertifiziert (vgl. https:\/\/www.privacyshield.gov\/list ). Die L\u00f6schung der Daten erfolgt, sobald der Zweck ihrer Erhebung erf\u00fcllt wurde. Weitere Informationen zum Handling der \u00fcbertragenen Daten finden Sie in der Datenschutzerkl\u00e4rung von Google-Apis: https:\/\/www.google.com\/intl\/de\/policies\/privacy\/ . Sie k\u00f6nnen die Erfassung sowie die Verarbeitung Ihrer Daten durch Google-Apis verhindern, indem Sie die Ausf\u00fchrung von Script-Code in Ihrem Browser deaktivieren oder einen Script-Blocker in Ihrem Browser installieren (diesen finden Sie z.B. unter www.noscript.net oder www.ghostery.com ).<\/p>\n<p>5. Datensicherheit und Datenschutz, Kommunikation per E-Mail<\/p>\n<p>Ihre personenbezogenen Daten werden durch technische und organisatorische Ma\u00dfnahmen so bei der Erhebung, Speicherung und Verarbeitung gesch\u00fctzt, dass sie f\u00fcr Dritte nicht zug\u00e4nglich sind. Bei einer unverschl\u00fcsselten Kommunikation per E-Mail kann die vollst\u00e4ndige Datensicherheit auf dem \u00dcbertragungsweg zu unseren IT-Systemen von uns nicht gew\u00e4hrleistet werden, sodass wir bei Informationen mit hohem Geheimhaltungsbed\u00fcrfnis eine verschl\u00fcsselte Kommunikation oder den Postweg empfehlen.<br \/>\n6. Widerruf von Einwilligungen \u2013 Datenausk\u00fcnfte und \u00c4nderungsw\u00fcnsche \u2013 L\u00f6schung &amp; Sperrung von Daten<\/p>\n<p>Nach dem Bundesdatenschutzgesetz haben Sie ein Recht auf unentgeltliche Auskunft \u00fcber Ihre gespeicherten Daten sowie ggf. ein Recht auf Berichtigung, Sperrung oder L\u00f6schung dieser Daten. Ihre Daten werden dann gel\u00f6scht, falls dem nicht gesetzliche Regelungen entgegenstehen. Sie k\u00f6nnen eine uns erteilte Erlaubnis, Ihre pers\u00f6nlichen Daten zu nutzen, jederzeit widerrufen. Auskunfts-, L\u00f6schungs- und Berichtigungsw\u00fcnsche zu Ihren Daten und gerne auch Anregungen k\u00f6nnen Sie jederzeit an folgende Adresse senden:<\/p>\n<p>G\u00fcnther Herz<br \/>\nNeugartenweg 14<br \/>\n66459 Kirkel<\/p>\n<p>E-Mail: herz.guenther@gmx.de<br \/>\nTelefon: +49 (0) 6849 \u2013 6099 282<br \/>\nTelefax: +49 (0) 6849 \u2013 6099 283<\/p>\n<p>7. Beschwerderecht bei der Aufsichtsbeh\u00f6rde gem. Art. 77 I DSGVO<\/p>\n<p>Sofern Sie den Verdacht haben, dass auf unserer Seite Ihre Daten rechtswidrig verarbeitet werden, k\u00f6nnen Sie selbstverst\u00e4ndlich jederzeit eine gerichtliche Kl\u00e4rung der Problematik herbeif\u00fchren. Unabh\u00e4ngig davon steht Ihnen die M\u00f6glichkeit zur Verf\u00fcgung, sich an eine Aufsichtsbeh\u00f6rde zu wenden. Das Beschwerderecht steht Ihnen in dem EU-Mitgliedstaat Ihres Aufenthaltsortes, Ihres Arbeitsplatzes und\/oder des Orts des vermeintlichen Versto\u00dfes zu, d.h. Sie k\u00f6nnen die Aufsichtsbeh\u00f6rde, an die Sie sich wenden, an den oben genannten Orten w\u00e4hlen. Die Aufsichtsbeh\u00f6rde, bei der die Beschwerde eingereicht wurde, unterrichtet Sie dann \u00fcber den Stand und die Ergebnisse Ihrer Eingabe, einschlie\u00dflich der M\u00f6glichkeit eines gerichtlichen Rechtsbehelfs nach Art. 78 DSGVO.<\/p>\n<p>Erstellt durch:<br \/>\n\u00a9 IT-Recht-Kanzlei DURY \u2013 www.dury.de<br \/>\n\u00a9 Website-Check GmbH \u2013 www.website-check.de<\/p>\n<p>www.website-check.de<br \/>\nKontakt<br \/>\n+(49) 6897 \/ 97 82 09<br \/>\ninfo@mirat.de<br \/>\nSulzbachtalstra\u00dfe 264 &#8211; 266 D-66280 Sulzbach<br \/>\nFortuna Theme \u00a9 2015 | BlueOwlCreative<\/p>\n","protected":false},"excerpt":{"rendered":"<p>Wir freuen uns \u00fcber Ihren Besuch auf unserer Internetseite werkzeug-klinik.de und Ihr Interesse an unserem Unternehmen. Der Schutz Ihrer personenbezogenen Daten ist uns ein wichtiges Anliegen. Personenbezogene Daten sind Informationen \u00fcber pers\u00f6nliche oder sachliche Verh\u00e4ltnisse einer bestimmten oder bestimmbaren nat\u00fcrlichen&hellip; <\/p>\n","protected":false},"author":3,"featured_media":0,"parent":0,"menu_order":0,"comment_status":"closed","ping_status":"closed","template":"","meta":{"footnotes":""},"class_list":["post-362","page","type-page","status-publish","hentry"],"_links":{"self":[{"href":"https:\/\/werkzeug-klinik.de\/wordpress\/wp-json\/wp\/v2\/pages\/362","targetHints":{"allow":["GET"]}}],"collection":[{"href":"https:\/\/werkzeug-klinik.de\/wordpress\/wp-json\/wp\/v2\/pages"}],"about":[{"href":"https:\/\/werkzeug-klinik.de\/wordpress\/wp-json\/wp\/v2\/types\/page"}],"author":[{"embeddable":true,"href":"https:\/\/werkzeug-klinik.de\/wordpress\/wp-json\/wp\/v2\/users\/3"}],"replies":[{"embeddable":true,"href":"https:\/\/werkzeug-klinik.de\/wordpress\/wp-json\/wp\/v2\/comments?post=362"}],"version-history":[{"count":4,"href":"https:\/\/werkzeug-klinik.de\/wordpress\/wp-json\/wp\/v2\/pages\/362\/revisions"}],"predecessor-version":[{"id":368,"href":"https:\/\/werkzeug-klinik.de\/wordpress\/wp-json\/wp\/v2\/pages\/362\/revisions\/368"}],"wp:attachment":[{"href":"https:\/\/werkzeug-klinik.de\/wordpress\/wp-json\/wp\/v2\/media?parent=362"}],"curies":[{"name":"wp","href":"https:\/\/api.w.org\/{rel}","templated":true}]}}